divide 808364187?
False
Is 886538471 a multiple of 531?
False
Is 5519489897 a multiple of 664?
False
Is 39235168 a multiple of 28?
True
Does 96 divide 342386369?
False
Is 1100225870 a multiple of 288?
False
Does 10 divide 65735270?
True
Does 168 divide 82625900?
False
Does 23 divide 1814685829?
False
Is 121 a factor of 677229005?
False
Is 67 a factor of 26955172?
True
Does 13 divide 1593280?
True
Is 619214749 a multiple of 17?
True
Does 35 divide 4168621380?
True
Is 66372504 a multiple of 568?
True
Is 234891602 a multiple of 61?
True
Does 6 divide 987282?
True
Is 84 a factor of 6212640?
True
Is 96684338 a multiple of 4?
False
Is 250 a factor of 63512819?
False
Is 1725114 a multiple of 258?
False
Is 1809 a factor of 18630891?
True
Is 3318074975 a multiple of 95?
True
Is 1119 a factor of 390133690?
False
Is 2120023282 a multiple of 4826?
False
Does 26 divide 111862192?
True
Does 110 divide 1328028460?
True
Is 48856206 a multiple of 111?
True
Does 66 divide 462561066?
True
Is 55207692 a multiple of 76?
True
Does 18 divide 317896768?
False
Does 23 divide 15942381?
True
Is 222595450 a multiple of 19?
True
Is 264 a factor of 41706720?
True
Is 20672638 a multiple of 22?
False
Does 48 divide 207283536?
True
Does 5 divide 1448573?
False
Is 547 a factor of 961792487?
False
Is 658366053 a multiple of 982?
False
Is 573899522 a multiple of 14?
True
Is 23 a factor of 456997794?
False
Does 32 divide 2436047434?
False
Is 1729667700 a multiple of 17?
False
Is 15 a factor of 1163016999?
False
Does 130 divide 34363550?
True
Is 44119483 a multiple of 1680?
False
Is 201 a factor of 279717831?
True
Does 6824 divide 25398928?
True
Is 3263635199 a multiple of 25?
False
Is 729652 a multiple of 7?
True
Does 16 divide 51241104?
True
Is 75606993 a multiple of 1353?
True
Does 57 divide 168841980?
True
Is 63193333 a multiple of 241?
True
Is 195670718 a multiple of 158?
False
Is 14 a factor of 4793061770?
True
Is 555 a factor of 3072480?
True
Is 520 a factor of 760467240?
True
Is 260053608 a multiple of 39?
False
Is 203693861 a multiple of 7?
True
Is 15470470 a multiple of 425?
False
Is 384173009 a multiple of 67?
False
Does 31 divide 36628305?
False
Is 3948777 a multiple of 1071?
True
Is 156356568 a multiple of 216?
True
Is 72 a factor of 148499136?
True
Is 246214770 a multiple of 138?
True
Does 519 divide 1008238464?
True
Is 84 a factor of 120986571?
False
Is 226 a factor of 12503676?
True
Is 54532277 a multiple of 6?
False
Does 251 divide 80508426?
False
Is 7273056 a multiple of 12?
True
Is 166 a factor of 216350838?
False
Does 2176 divide 1167918348?
False
Is 58 a factor of 6460098?
True
Does 706 divide 43228380?
True
Is 4189420092 a multiple of 12?
True
Does 215 divide 53828475?
True
Is 714 a factor of 137652774?
True
Does 24 divide 51744941?
False
Does 59 divide 9822929?
False
Is 40884209 a multiple of 32?
False
Is 55 a factor of 90739110?
True
Is 284 a factor of 15549000?
True
Is 3232296 a multiple of 36?
True
Is 104690377 a multiple of 299?
False
Is 255763130 a multiple of 1091?
True
Is 1389007728 a multiple of 562?
True
Is 471160990 a multiple of 17?
False
Is 2 a factor of 29505964?
True
Is 798 a factor of 33596598?
True
Does 73 divide 25112730?
True
Does 182 divide 1445176884?
False
Does 254 divide 1419096274?
False
Is 4045091 even?
False
Is 299 a factor of 5859802?
True
Is 697 a factor of 33919505?
True
Is 3 a factor of 347917921?
False
Is 295 a factor of 422565965?
True
Does 670 divide 672550020?
True
Is 177 a factor of 50633459?
False
Does 22 divide 18031088?
False
Is 345405422 a multiple of 96?
False
Is 24199432 a multiple of 34?
True
Is 242938437 a multiple of 5524?
False
Is 11521966 a multiple of 3?
False
Is 50853405 a multiple of 4?
False
Does 24 divide 17295288?
True
Does 996 divide 174543024?
True
Is 5452 a factor of 1991026486?
False
Is 181177984 a multiple of 16?
True
Is 9 a factor of 1909464?
False
Is 7442 a factor of 301346591?
False
Is 14 a factor of 19040182?
True
Is 552322483 a multiple of 2393?
False
Is 59938533 a multiple of 52?
False
Does 40 divide 72753920?
True
Is 14 a factor of 4034632?
True
Is 102694569 a multiple of 40?
False
Is 1901853272 a multiple of 3272?
True
Is 2292545586 a multiple of 1713?
True
Does 2334 divide 2546174604?
True
Is 16 a factor of 6898875680?
True
Is 48312623 a multiple of 28?
False
Is 600 a factor of 44765400?
True
Is 15356274 a multiple of 1536?
False
Does 11 divide 50006177?
False
Is 73 a factor of 41511168?
False
Does 671 divide 1139143864?
False
Is 46644019 a multiple of 366?
False
Is 177 a factor of 73260654?
True
Does 209 divide 14852794?
True
Is 721 a factor of 38832339?
True
Does 775 divide 108622450?
True
Is 241 a factor of 2598104991?
False
Is 1665059489 a multiple of 44?
False
Is 46673600 a multiple of 160?
True
Does 3 divide 4236651?
True
Is 400208016 a multiple of 6324?
True
Is 5478186 a multiple of 322?
True
Is 73 a factor of 9114999?
True
Does 49 divide 53250407?
True
Is 224750675 a multiple of 86?
False
Does 92 divide 67180658?
False
Is 60 a factor of 124274636?
False
Is 10 a factor of 26411720?
True
Is 29 a factor of 3177393779?
False
Is 441954644 a multiple of 17?
True
Does 7612 divide 789920076?
True
Does 14 divide 5962698?
True
Is 5137488 a multiple of 144?
True
Does 108 divide 3042067625?
False
Is 17 a factor of 269776077?
True
Is 436 a factor of 58372746?
False
Is 12 a factor of 33489804?
True
Does 12 divide 1372259220?
True
Is 3 a factor of 351383?
False
Is 32 a factor of 13635510?
False
Is 1358708 a multiple of 442?
True
Is 894 a factor of 202152374?
False
Is 177285082 a multiple of 134?
True
Does 9 divide 120139066?
False
Is 2457038461 a multiple of 46?
False
Does 142 divide 974718900?
False
Is 1912 a factor of 156910192?
True
Is 52103128 a multiple of 328?
True
Does 423 divide 17552864?
False
Is 124 a factor of 22579656?
True
Does 193 divide 27565989?
False
Is 60991859 a multiple of 388?
False
Does 6887 divide 655297175?
False
Is 750 a factor of 29139000?
True
Is 150 a factor of 354806700?
True
Is 20104172 a multiple of 106?
True
Is 23 a factor of 37529123?
True
Is 91331905 a multiple of 132?
False
Is 551 a factor of 39723927?
False
Is 1009 a factor of 5765426?
True
Is 844874492 a multiple of 301?
True
Is 48 a factor of 13453188?
False
Does 1062 divide 159748164?
True
Does 28 divide 567318136?
True
Is 7 a factor of 7429708?
False
Is 1862985644 a multiple of 909?
False
Is 132635368 a multiple of 4215?
False
Is 4 a factor of 24941519?
False
Is 8 a factor of 9789920?
True
Is 6977773 a multiple of 33?
False
Is 292629602 a multiple of 17?
True
Is 91000305 a multiple of 345?
True
Does 8 divide 1832120370?
False
Is 499894538 a multiple of 611?
True
Is 59 a factor of 25041547?
True
Is 175 a factor of 917971600?
True
Is 14082207 a multiple of 1353?
False
Is 8153227 a multiple of 30?
False
Is 180171875 a multiple of 6?
False
Does 16 divide 43498080?
True
Is 17953632 a multiple of 608?
True
Is 217 a factor of 332719807?
True
Is 83 a factor of 19163605?
False
Does 39 divide 52150995?
True
Is 31 a factor of 1409884712?
True
Is 440650476 a multiple of 796?
True
Does 7 divide 14034580?
True
Is 53511691 a multiple of 2?
False
Is 410687313 a multiple of 367?
True
Is 161 a factor of 57722551?
False
Is 4 a factor of 286561158?
False
Is 49 a factor of 59629874?
False
Is 127 a factor of 33879790?
True
Is 9884 a factor of 2038356269?
False
Is 12 a factor of 983677128?
True
Does 929 divide 19698445?
False
Is 40 a factor of 345686944?
False
Does 2181 divide 1714438924?
False
Does 666 divide 1505649106?
False
Is 380393088 a multiple of 1233?
False
Is 16 a factor of 85373568?
True
Does 59 divide 696896082?
True
Is 7204402 a multiple of 47?
False
Is 1538 a factor of 22194878?
True
Does 340 divide 4705050?
False
Is 151449435 a multiple of 3240?
False
Does 162 divide 11424838?
False
Is 130249923 a multiple of 2669?
False
Does 1056 divide 90822336?
True
Does 1169 divide 83090182?
True
Does 37 divide 40760730?
False
Is 3347209450 a multiple of 4355?
True
Does 620 divide 2908532840?
True
Is 5 a factor of 880897?
False
Is 42 a factor of 40296724?
False
Does 172 divide 89157730?
False
Is 113 a factor of 6486550628?
False
Is 102 a factor of 18804618?
True
Is 6 a factor of 764133414?
True
Is 931 a factor of 230699007?
Tru